{"id":3660,"date":"2025-10-05T16:36:33","date_gmt":"2025-10-05T15:36:33","guid":{"rendered":"https:\/\/shop.pirikos.pt\/loja\/?post_type=product&#038;p=3660"},"modified":"2025-10-25T17:10:56","modified_gmt":"2025-10-25T16:10:56","slug":"crocante-de-amendoim-250g","status":"publish","type":"product","link":"https:\/\/shop.pirikos.pt\/loja\/produto\/crocante-de-amendoim-250g\/","title":{"rendered":"Crocante de amendoim 250g"},"content":{"rendered":"<p>Descri\u00e7\u00e3o<\/p>\n<p>O\u00a0<strong>amendoim torrado e crocante<\/strong>\u00a0\u00e9 uma op\u00e7\u00e3o saborosa para adicionar em receitas, trazendo uma textura irresist\u00edvel e um sabor marcante.<\/p>\n<h3>Benef\u00edcios do Amendoim Torrado<\/h3>\n<ul>\n<li>Fonte rica em prote\u00ednas e gorduras saud\u00e1veis<\/li>\n<li>\u00d3tima op\u00e7\u00e3o para snacks e receitas crocantes<\/li>\n<li>Ideal para doces, granolas e sobremesas<\/li>\n<li>\n<h3>Como Usar<\/h3>\n<p>Adicione em granolas, barras de cereais, bolos e doces, ou consuma como snack para um sabor crocante e nutritivo.<\/li>\n<li>\n<h3 class=\"nutritional-info-title\">Ingredientes<\/h3>\n<p>A\u00e7\u00facar e AMENDOIM<\/li>\n<li>\n<h3 class=\"nutritional-info-title\">Instru\u00e7\u00f5es de Uso<\/h3>\n<p>Produto pronto a usar como ingrediente e de aplica\u00e7\u00e3o ou consumo direto.<\/p>\n<p><img data-recalc-dims=\"1\" fetchpriority=\"high\" decoding=\"async\" class=\"alignnone size-medium wp-image-3661\" src=\"https:\/\/i0.wp.com\/shop.pirikos.pt\/loja\/wp-content\/uploads\/2025\/10\/407f0751-4072-4e02-a98e-03f654494009.jpg?resize=339%2C320&#038;ssl=1\" alt=\"\" width=\"339\" height=\"320\" srcset=\"https:\/\/i0.wp.com\/shop.pirikos.pt\/loja\/wp-content\/uploads\/2025\/10\/407f0751-4072-4e02-a98e-03f654494009.jpg?resize=339%2C320&amp;ssl=1 339w, https:\/\/i0.wp.com\/shop.pirikos.pt\/loja\/wp-content\/uploads\/2025\/10\/407f0751-4072-4e02-a98e-03f654494009.jpg?resize=679%2C640&amp;ssl=1 679w, https:\/\/i0.wp.com\/shop.pirikos.pt\/loja\/wp-content\/uploads\/2025\/10\/407f0751-4072-4e02-a98e-03f654494009.jpg?resize=500%2C471&amp;ssl=1 500w, https:\/\/i0.wp.com\/shop.pirikos.pt\/loja\/wp-content\/uploads\/2025\/10\/407f0751-4072-4e02-a98e-03f654494009.jpg?w=733&amp;ssl=1 733w\" sizes=\"(max-width: 339px) 100vw, 339px\" \/><\/li>\n<\/ul>\n","protected":false},"excerpt":{"rendered":"<p>Descri\u00e7\u00e3o O\u00a0amendoim torrado e crocante\u00a0\u00e9 uma op\u00e7\u00e3o saborosa para adicionar em receitas, trazendo uma textura irresist\u00edvel e um sabor marcante. Benef\u00edcios do Amendoim Torrado Fonte rica em prote\u00ednas e gorduras<\/p>\n","protected":false},"featured_media":3662,"comment_status":"closed","ping_status":"closed","template":"","meta":{"pagelayer_contact_templates":[],"_pagelayer_content":"","_themeisle_gutenberg_block_has_review":false},"product_brand":[],"product_cat":[22,23],"product_tag":[],"class_list":{"0":"post-3660","1":"product","2":"type-product","3":"status-publish","4":"has-post-thumbnail","6":"product_cat-recheios-coberturas","7":"product_cat-todos-os-artigos","9":"first","10":"instock","11":"shipping-taxable","12":"purchasable","13":"product-type-simple"},"jetpack_sharing_enabled":true,"_links":{"self":[{"href":"https:\/\/shop.pirikos.pt\/loja\/wp-json\/wp\/v2\/product\/3660","targetHints":{"allow":["GET"]}}],"collection":[{"href":"https:\/\/shop.pirikos.pt\/loja\/wp-json\/wp\/v2\/product"}],"about":[{"href":"https:\/\/shop.pirikos.pt\/loja\/wp-json\/wp\/v2\/types\/product"}],"replies":[{"embeddable":true,"href":"https:\/\/shop.pirikos.pt\/loja\/wp-json\/wp\/v2\/comments?post=3660"}],"version-history":[{"count":1,"href":"https:\/\/shop.pirikos.pt\/loja\/wp-json\/wp\/v2\/product\/3660\/revisions"}],"predecessor-version":[{"id":3663,"href":"https:\/\/shop.pirikos.pt\/loja\/wp-json\/wp\/v2\/product\/3660\/revisions\/3663"}],"wp:featuredmedia":[{"embeddable":true,"href":"https:\/\/shop.pirikos.pt\/loja\/wp-json\/wp\/v2\/media\/3662"}],"wp:attachment":[{"href":"https:\/\/shop.pirikos.pt\/loja\/wp-json\/wp\/v2\/media?parent=3660"}],"wp:term":[{"taxonomy":"product_brand","embeddable":true,"href":"https:\/\/shop.pirikos.pt\/loja\/wp-json\/wp\/v2\/product_brand?post=3660"},{"taxonomy":"product_cat","embeddable":true,"href":"https:\/\/shop.pirikos.pt\/loja\/wp-json\/wp\/v2\/product_cat?post=3660"},{"taxonomy":"product_tag","embeddable":true,"href":"https:\/\/shop.pirikos.pt\/loja\/wp-json\/wp\/v2\/product_tag?post=3660"}],"curies":[{"name":"wp","href":"https:\/\/api.w.org\/{rel}","templated":true}]}}