{"id":3591,"date":"2025-10-05T12:42:06","date_gmt":"2025-10-05T11:42:06","guid":{"rendered":"https:\/\/shop.pirikos.pt\/loja\/?post_type=product&#038;p=3591"},"modified":"2026-01-24T12:02:49","modified_gmt":"2026-01-24T11:02:49","slug":"caixa-para-50-brigadeiros","status":"publish","type":"product","link":"https:\/\/shop.pirikos.pt\/loja\/produto\/caixa-para-50-brigadeiros\/","title":{"rendered":"Caixa para 50 brigadeiros"},"content":{"rendered":"<p>As nossas caixas para Brigadeiros, feitas em cart\u00e3o, s\u00e3o perfeitas para transporte de brigadeiros em seguran\u00e7a!<\/p>\n<p>Com o seu interior desenhado especificamente para segurar os vossos brigadeiros, v\u00e3o adorar estas caixas!<\/p>\n","protected":false},"excerpt":{"rendered":"<p>As nossas caixas para Brigadeiros, feitas em cart\u00e3o, s\u00e3o perfeitas para transporte de brigadeiros em seguran\u00e7a! Com o seu interior desenhado especificamente para segurar os vossos brigadeiros, v\u00e3o adorar estas<\/p>\n","protected":false},"featured_media":3577,"comment_status":"closed","ping_status":"closed","template":"","meta":{"pagelayer_contact_templates":[],"_pagelayer_content":"","_themeisle_gutenberg_block_has_review":false},"product_brand":[],"product_cat":[272,185,23],"product_tag":[],"class_list":{"0":"post-3591","1":"product","2":"type-product","3":"status-publish","4":"has-post-thumbnail","6":"product_cat-branco","7":"product_cat-caixas-para-brigadeiros","8":"product_cat-todos-os-artigos","10":"first","11":"instock","12":"shipping-taxable","13":"purchasable","14":"product-type-variable"},"jetpack_sharing_enabled":true,"_links":{"self":[{"href":"https:\/\/shop.pirikos.pt\/loja\/wp-json\/wp\/v2\/product\/3591","targetHints":{"allow":["GET"]}}],"collection":[{"href":"https:\/\/shop.pirikos.pt\/loja\/wp-json\/wp\/v2\/product"}],"about":[{"href":"https:\/\/shop.pirikos.pt\/loja\/wp-json\/wp\/v2\/types\/product"}],"replies":[{"embeddable":true,"href":"https:\/\/shop.pirikos.pt\/loja\/wp-json\/wp\/v2\/comments?post=3591"}],"version-history":[{"count":1,"href":"https:\/\/shop.pirikos.pt\/loja\/wp-json\/wp\/v2\/product\/3591\/revisions"}],"predecessor-version":[{"id":3594,"href":"https:\/\/shop.pirikos.pt\/loja\/wp-json\/wp\/v2\/product\/3591\/revisions\/3594"}],"wp:featuredmedia":[{"embeddable":true,"href":"https:\/\/shop.pirikos.pt\/loja\/wp-json\/wp\/v2\/media\/3577"}],"wp:attachment":[{"href":"https:\/\/shop.pirikos.pt\/loja\/wp-json\/wp\/v2\/media?parent=3591"}],"wp:term":[{"taxonomy":"product_brand","embeddable":true,"href":"https:\/\/shop.pirikos.pt\/loja\/wp-json\/wp\/v2\/product_brand?post=3591"},{"taxonomy":"product_cat","embeddable":true,"href":"https:\/\/shop.pirikos.pt\/loja\/wp-json\/wp\/v2\/product_cat?post=3591"},{"taxonomy":"product_tag","embeddable":true,"href":"https:\/\/shop.pirikos.pt\/loja\/wp-json\/wp\/v2\/product_tag?post=3591"}],"curies":[{"name":"wp","href":"https:\/\/api.w.org\/{rel}","templated":true}]}}